ppose l = -7*c + 4*c. What is y(c)?
12
Let u(b) = -3*b**3 - 5*b**2 + b - 13. Let y be 0 + -4 - (4 + -1 - 3). Let x(z) = -2*z**3 - 6*z**2 + z - 12. Let j(a) = y*x(a) + 3*u(a). Give j(9).
0
Let f(z) be the first derivative of z**4/2 + z**3/3 + 23. Let m be f(-1). Let g(h) = h**3 + h**2 - 1. What is g(m)?
-1
Let n(c) = -c**3 - 9*c**2 - 5. Let h = 103 - 202. Let y = h - -90. Calculate n(y).
-5
Let f(b) = -b. Let d(y) = 2*y - 1. Let u(p) = 3*d(p) + 4*f(p). Suppose -7*m = -9*m + 38. Suppose -2*g - s = -17, 3*s - m = -3*g + 14. Give u(g).
9
Let k(i) = 17*i**2 - 3*i - 3. Let r(m) = -37*m**2 + 8*m + 7. Let h(d) = -13*k(d) - 6*r(d). Give h(5).
-23
Let w(f) be the second derivative of -f**3/2 - 5*f**2/2 - f. Suppose -45 = -133*d + 142*d. Determine w(d).
10
Let b(m) = m**3 + m**2. Let r be (114/5)/(54/180). Let y(l) = -95*l**3 - 76*l**2. Let g(i) = r*b(i) + y(i). Calculate g(-1).
19
Let s(x) = -2*x + 15. Suppose 3*j = -4*f + 24, 12*j - 9*j + 18 = 3*f. Give s(f).
3
Let m(n) = -n + 14. Let g be m(14). Suppose 3 = -3*r - g*r. Let h(j) = 0 + 0 - 6*j. Determine h(r).
6
Let v(p) = 2*p**2 - 5686 - 4*p + 3*p + 5687. Give v(4).
29
Suppose -2*v + 4*s + 40 = 0, v + 2 - 20 = 4*s. Let y = -27 + v. Let t(k) = 15*k - 4. Let w(u) = 14*u - 3. Let r(b) = y*w(b) + 4*t(b). Calculate r(-1).
9
Let h(c) = 2*c - 3. Let n be h(3). Let x(r) be the second derivative of r**3/6 - 12*r + 6. What is x(n)?
3
Let y(s) be the first derivative of 7*s**2/2 + 56. Suppose -p - 6 + 1 = 0. Let d(w) = 6*w. Let n(i) = p*d(i) + 4*y(i). Give n(2).
-4
Let r(t) = 20*t + 11 - 21*t - 24. Calculate r(-4).
-9
Let o(p) = p**3 + p**2 + p + 4. Let g = 112 + -112. Determine o(g).
4
Let y(j) be the second derivative of j**5/20 + j**4/3 + j**3/3 - j**2/2 + 28*j. Let n(l) = l - 7. Let i be n(9). Suppose 0 = z + 4*p - 1, i = -z - p. Give y(z).
2
Suppose -20 = -5*x + 4*d, 3*x + 4*d = x + 8. Let j(p) be the first derivative of 1 - 13*p + 1/3*p**3 + 1/2*p**2 + 1/4*p**x. What is j(0)?
-13
Let t = -17 + 17. Suppose 5*d + t*d - 15 = 0. Suppose -3*o - 15 = 2*q - d*q, 2*o + 5*q + 27 = 0. Let b(g) = -g**2 - 4*g + 4. Determine b(o).
-8
Let h(c) = c**2 + 3*c - 4. Suppose n + 8 = 3*n. Suppose -v - 21 = 4*w + 1, v - 5*w = -4. Let q be (n + v - -4) + 1. Calculate h(q).
6
Let n(v) = -2*v + 1. Let p(i) = -i**2 + 5*i. Let g(q) = -2*n(q) + p(q). Suppose -4*m = 2*j, -4*j + 2*j + 18 = -2*m. What is g(j)?
16
Let w be (-594)/(-44) - 4/8. Let r(h) = 3*h - 48. What is r(w)?
-9
Let f = 39 - 41. Let r be ((-4)/f - -1) + -2. Let m(g) = -7*g - 1. Give m(r).
-8
Let t(w) = -2*w - 4. Let n = 6 - -31. Let q = n + -43. Determine t(q).
8
Suppose -25*n = -22*n - 9. Let i(b) = -b**3 + 6*b**n - 3*b**3 - b**3 + 3 + 3*b + 5*b**2. Calculate i(-4).
7
Let x = -14 - -21. Let p(f) = -77*f - 1 + 78*f - 2. Give p(x).
4
Let r(i) = -4*i**2 + 2*i + 3. Let n(p) = 5*p**2 - 3*p + 6. Let q(b) = 3*n(b) + 4*r(b). What is q(-7)?
-12
Suppose -2*p - 4*j + 16 = 0, -p + 12 = j + 3*j. Suppose 1 = -z - 2*s, -z = 3*z - p*s - 20. Let k(a) = -8*a - 5*a**2 - 2*a**2 + z*a - a**3. What is k(-6)?
-6
Let k(o) = 18 + 162*o**3 + 160*o**3 - 484*o**3 + 161*o**3 + o**2. Determine k(0).
18
Let r(s) = s**3 + 16*s**2 - 18*s + 4. Let v be r(-17). Suppose -3*i = -0 + v. Let b(n) = -n**2 - 7*n + 1. What is b(i)?
1
Let k(s) = 2*s - s - 7*s**2 - 2*s. Suppose -3*f = -0*f - 9. Suppose 2 = f*v + 5. Give k(v).
-6
Suppose 2*s = 5*w + 41, -5*s + 9*s = -5*w + 7. Let n(x) = 2*x**2 - 15*x + 19. Let q(u) = u**2 - 7*u + 9. Let b(o) = -3*n(o) + 5*q(o). What is b(s)?
4
Let w(x) = -23*x - 13. Let y(l) = 65*l + 40. Let n(d) = 17*w(d) + 6*y(d). Calculate n(0).
19
Let p(f) = -2 + 9 - 7*f + 10 + 3 - 4. Calculate p(3).
-5
Let l(p) = p - 11. Let b be (-4)/16 + (-2)/(-8). Let t be 0/((-6)/(-3) - b). Suppose t = u + 4*m + 3 - 1, 0 = -3*m - 6. Determine l(u).
-5
Let d(o) = o**3 + o**2 - 1. Suppose 5*t + 2*t = 35. Let j(v) = -6*v**3 - 10*v**2 + 7*v + 3. Let x(n) = t*d(n) + j(n). Calculate x(-6).
-8
Let k(o) = -o**3 - 3*o**2 + 8*o + 5. Suppose 4*x = -8*x - 72. Calculate k(x).
65
Let c(a) = -a - 6. Let z be c(-6). Let q(u) = 0 + z + 7*u - 4 + 1. Determine q(2).
11
Let c(h) = -h + 6. Let s be (-112)/80 - 385/(-25). Determine c(s).
-8
Let c(p) = 99*p - 96*p + 2 - 3 + 1. Give c(1).
3
Let n(q) = q**2 - 5*q + 8. Let h be n(6). Let z = h - 1. Suppose 0 = 5*t + z + 2. Let y(l) = -4*l + 2. What is y(t)?
14
Let b = 93 + -65. Let y = b - 23. Suppose -a - y = -4. Let w(p) = -14*p**3 + 2*p**2 + p. Determine w(a).
15
Let v(w) = 10*w - 61. Let f be v(6). Let s(h) = -h. Calculate s(f).
1
Let i = -172 - -162. Let d(o) = o**2 + 9*o - 5. Calculate d(i).
5
Let l be 30 + -2 + 12/(-3). Let a(g) = 2*g - l + 25 - g. Determine a(-5).
-4
Let s(b) = -5*b + 9. Let t(j) = -2*j + 4. Let x(v) = -4*s(v) + 9*t(v). Let p be 16 + (-2 - -3) - 4. Suppose -4*o = 1 - p. Calculate x(o).
6
Let z(g) = -2*g**3 - 3*g**2 + g - 2. Suppose 0 = -3*h - 4 - 8, b = 3*h + 9. Calculate z(b).
22
Suppose 0*l = 2*l - 3*z + 63, 5*z + 47 = -3*l. Let c = l + 30. Let x(n) = 4*n**3 + 0*n**2 - 7*n - 5*n**2 - 3*n**3. Determine x(c).
-6
Let z(j) = 19*j + 20. Let i(b) = -56*b - 55. Let d(m) = 4*i(m) + 11*z(m). Determine d(-1).
15
Let j(l) = l - 8. Let c be (-16)/(-6) + (-6 - 38/(-6)). What is j(c)?
-5
Let r(h) = h**3 - h**2 + 2*h - 3. Let k = 17 + -12. Suppose 0 = t - k*t + 24. Suppose 0*s = -3*s + t. Calculate r(s).
5
Let j(s) = -1. Let b(c) = -c + 6. Let w(f) = -b(f) - 3*j(f). Let q(h) = h - 1. Let m(l) = q(l) + w(l). Calculate m(-4).
-12
Let p be (-124)/(-9) + 6/27. Suppose p = -4*v - 18. Let m be 21/4 - 6/v. Let n(r) = -r**2 + 6*r - 7. Calculate n(m).
-7
Let m = 21 + -19. Let k(d) = -6*d**2 - d + 0*d + 4*d**m + 3*d**2 - 10. Let a = 6 + -6. Determine k(a).
-10
Suppose 4*p = -z + 11, 3*z - 2 = -2*p + 11. Suppose p*v + g - 43 = 0, 3*g + 135 = 5*v - 0*g. Suppose 17*r - v = 21*r. Let x(c) = -c - 7. Calculate x(r).
-1
Let q(o) = -15 + 5 - 13 + 15*o - 14*o. Let k be q(25). Let c(x) = -2*x**2 + 4*x - 2. Give c(k).
-2
Let z = -727 + 721. Let j(b) be the third derivative of b**4/24 + 13*b**3/6 - 2*b**2. Determine j(z).
7
Let s(a) be the third derivative of a**5/15 + a**4/12 - 2*a**3/3 - 78*a**2. Calculate s(-3).
26
Let y be (-2 + 1)*4/(-2). Let z(t) = -5*t - 2*t**2 + t**3 + 7*t**2 - 2 + y. Calculate z(-6).
-6
Let v = 28 + -24. Let h(q) = 3 - 5 + q**2 - v + 2 + 2*q. Let y = -8 + 4. Give h(y).
4
Let i(o) = -13*o**3 - o - 1. Let l = 11 + -12. Let h be i(l). Let m = -10 + h. Let y(g) = g + 1. Give y(m).
4
Suppose -2*z - 1 = -11. Let u = -10 - -6. Let r be z/((-8)/u + -1). Let m(s) = 2*s - 3. Give m(r).
7
Let k = 46 + -42. Suppose k*s = -0*s - 40. Let t(z) = z**3 + 11*z**2 + 8*z - 10. Calculate t(s).
10
Let n be (-22)/(-12) + (-8)/(-48). Let k(g) = -26 + 23 + g - n*g. Calculate k(3).
-6
Suppose 6 = q - 2. Let w(z) = 11*z - 4. Let m(n) = 7*n - 3. Let f(k) = q*m(k) - 5*w(k). Suppose 80 = x + 77. Determine f(x).
-1
Let y(x) = -x**2 - 1. Let h be 0 + (-1 + 1 - -1). Let f(k) = 7*k - 175. Let v be f(25). Let w = v - h. Give y(w).
-2
Let j(z) = -2*z**3 - 3*z**2 + 3*z - 3. Let o be (-3)/7 + 18/(-7). Give j(o).
15
Let r(d) = -1 + 3*d + d**3 + 6*d**2 - d**3 - 1 + d**3. Let n be (-1)/(-3) - (-40)/(-3). Let t = 8 + n. What is r(t)?
8
Let n(p) = -3*p**2 - 3*p - 1. Let f be 4/10*(-1 + -2 - 2). Give n(f).
-7
Let h(z) = -z + 17. Let k(g) = g - 18. Let q(j) = 5*h(j) + 4*k(j). Suppose -5*p = 4*d - 4, 2*d - 2 + 0 = -p. Give q(p).
13
Let k(b) = 10*b - 8*b - 20*b. Let u = -5 - -4. Determine k(u).
18
Suppose 0*l = 5*l - 80. Suppose -5*r + 1 - l = 0, 2*z = -2*r - 2. Let p(y) = y**3 - 2*y**2 + 3*y - 2. Give p(z).
4
Suppose 5*j + 4*d + 2 - 12 = 0, 4*d - 2 = -j. Let h(y) = -y**3 - 6*y + 20*y**j - 13*y**2 + 14*y + 1. Give h(8).
1
Let n(t) be the third derivative of -t**4/12 - t**3 + t**2 - 386*t. What is n(4)?
-14
Let k = 43 + -41. Let y(i) = 5 + i**k + 4*i - 2 + 3*i. What is y(-6)?
-3
Let o(j) = 3*j**2 - 4*j + 3. Let m be 25 - (0 - (-3 - -2)). Let q = 29 - m. Suppose 4*a = 3*a - 3*s + q, -5*s + 7 = a. Determine o(a).
7
Let m(x) = -x**2 + 14*x + 17. Let i be m(15). Let c(h) = 4*h - 1. Let u(d) = 17*d - 5. Let z(w) = i*u(w) - 9*c(w). What is z(-2)?
3
Let r(o) = -4*o. Let y(u) = 7*u**2 - u - 4. Let v be y(2). Let b be v/(-10) + (3/(-5))/(-3). Calculate r(b).
8
Let y(l) = 12*l. Suppose 0 = 3*i + 4*r + 14, -6*r - 12 =